{"id":376,"date":"2016-06-18T14:06:58","date_gmt":"2016-06-18T12:06:58","guid":{"rendered":"http:\/\/www.camara-de-tuberias.es\/blog\/?page_id=376"},"modified":"2017-01-27T12:50:46","modified_gmt":"2017-01-27T11:50:46","slug":"camara-inspeccion-de-tuberias-caracteristcas","status":"publish","type":"page","link":"http:\/\/www.camara-de-tuberias.es\/blog\/camara-inspeccion-de-tuberias-caracteristcas","title":{"rendered":"C\u00e1mara Inspecci\u00f3n de Tuber\u00edas: Caracter\u00edsticas"},"content":{"rendered":"<blockquote><p>Conozca en profundidad qu\u00e9 es una\u00a0c\u00e1mara inspecci\u00f3n de tuber\u00edas en el siguiente art\u00edculo<\/p><\/blockquote>\n<h2>\u00bfQu\u00e9 es una c\u00e1mara inspecci\u00f3n de tuber\u00edas por empuje manual?<\/h2>\n<p>Se trata de un boroscopio espec\u00edfico para tuber\u00edas que se introduce por los conductos\u00a0empuj\u00e1ndolo manualmente.<img loading=\"lazy\" class=\"aligncenter wp-image-857 size-medium\" src=\"http:\/\/www.camara-de-tuberias.es\/blog\/wp-content\/uploads\/2016\/11\/3_razones_para_comprar_camara_cctv_inspeccion_tuberias-300x166.png\" alt=\"Razones por las que comprar ahora un boroscopio para la inspecci\u00f3n de tuber\u00edas con c\u00e1mara cctv\" width=\"300\" height=\"166\" srcset=\"http:\/\/www.camara-de-tuberias.es\/blog\/wp-content\/uploads\/2016\/11\/3_razones_para_comprar_camara_cctv_inspeccion_tuberias-300x166.png 300w, http:\/\/www.camara-de-tuberias.es\/blog\/wp-content\/uploads\/2016\/11\/3_razones_para_comprar_camara_cctv_inspeccion_tuberias-768x426.png 768w, http:\/\/www.camara-de-tuberias.es\/blog\/wp-content\/uploads\/2016\/11\/3_razones_para_comprar_camara_cctv_inspeccion_tuberias-1024x568.png 1024w, http:\/\/www.camara-de-tuberias.es\/blog\/wp-content\/uploads\/2016\/11\/3_razones_para_comprar_camara_cctv_inspeccion_tuberias-672x372.png 672w, http:\/\/www.camara-de-tuberias.es\/blog\/wp-content\/uploads\/2016\/11\/3_razones_para_comprar_camara_cctv_inspeccion_tuberias.png 1038w\" sizes=\"(max-width: 300px) 100vw, 300px\" \/><\/p>\n<h3>\u00bfQu\u00e9 es un boroscopio?<\/h3>\n<p>Es un instrumento de inspecci\u00f3n indirecta que utiliza un circuito cerrado de televisi\u00f3n (cctv).<\/p>\n<h3>\u00bfC\u00f3mo es una c\u00e1mara inspecci\u00f3n de tuber\u00edas por empuje?<\/h3>\n<p>Este tipo de boroscopio consta de un cabezal con c\u00e1mara de televisi\u00f3n que est\u00e1 ubicada en un extremo de un largo cable.<\/p>\n<p>El cable se introduce por las tuber\u00edas empujado de forma manual, mientras el otro extremo se conecta a la unidad de control.<\/p>\n<p>La unidad de control es donde se visualiza y graba la inspecci\u00f3n de la c\u00e1mara y se controlan las funciones del boroscopio.<\/p>\n<figure id=\"attachment_625\" aria-describedby=\"caption-attachment-625\" style=\"width: 225px\" class=\"wp-caption aligncenter\"><img loading=\"lazy\" class=\"wp-image-625 size-medium\" src=\"http:\/\/www.camara-de-tuberias.es\/blog\/wp-content\/uploads\/2016\/08\/IMG_20160628_200246-225x300.jpg\" alt=\"TUBICAM R TT\" width=\"225\" height=\"300\" srcset=\"http:\/\/www.camara-de-tuberias.es\/blog\/wp-content\/uploads\/2016\/08\/IMG_20160628_200246-225x300.jpg 225w, http:\/\/www.camara-de-tuberias.es\/blog\/wp-content\/uploads\/2016\/08\/IMG_20160628_200246.jpg 480w\" sizes=\"(max-width: 225px) 100vw, 225px\" \/><figcaption id=\"caption-attachment-625\" class=\"wp-caption-text\">Unidad de control<\/figcaption><\/figure>\n<h3>\u00bfC\u00f3mo es el cabezal del boroscopio en una\u00a0c\u00e1mara inspecci\u00f3n de tuber\u00edas?<\/h3>\n<p>El cabezal de la c\u00e1mara inspecci\u00f3n de tuber\u00edas est\u00e1 fabricado en materiales, forma, caracter\u00edsticas y dimensiones con un dise\u00f1o adecuado a\u00a0la inspecci\u00f3n de las tuber\u00edas y los conductos.<\/p>\n<p><img loading=\"lazy\" class=\"aligncenter wp-image-608 size-medium\" src=\"http:\/\/www.camara-de-tuberias.es\/blog\/wp-content\/uploads\/2016\/08\/cabezal-22-mm-300x243.jpg\" alt=\"cabezal-22-mm\" width=\"300\" height=\"243\" \/><\/p>\n<h3>\u00bfQu\u00e9 elementos componen\u00a0el cabezal del boroscopio?<\/h3>\n<p>El cabezal de un boroscopio para la inspecci\u00f3n de tuber\u00edas est\u00e1 compuesto de dos partes diferenciadas:<\/p>\n<ul>\n<li>una capsula estanca al agua fabricada en acero inoxidable y cristal de cuarzo de gran resistencia y durabilidad.<\/li>\n<li>Un conector al cable formado por tubo flexible y\u00a0muelle de acero que le da una gran flexibilidad para adaptarse a las formas de conductos y tuber\u00edas.<\/li>\n<\/ul>\n<p>Dentro de la c\u00e1psula estanca se encuentra la c\u00e1mara de televisi\u00f3n, la corona de iluminaci\u00f3n aut\u00f3noma.<\/p>\n<p>De forma opcional puede tener tambi\u00e9n\u00a0otros elemento que le confieren funcionales adicionales, como sonda de radiofrecuencia para su localizaci\u00f3n en superficie o sistemas de para la estabilizaci\u00f3n de la imagen.<\/p>\n<p><img loading=\"lazy\" class=\"aligncenter wp-image-475 size-medium\" src=\"http:\/\/www.camara-de-tuberias.es\/blog\/wp-content\/uploads\/2016\/06\/TUBICAM-R-cabezal-de-boroscopio-300x166.png\" alt=\"TUBICAM R cabezal de boroscopio\" width=\"300\" height=\"166\" srcset=\"http:\/\/www.camara-de-tuberias.es\/blog\/wp-content\/uploads\/2016\/06\/TUBICAM-R-cabezal-de-boroscopio-300x166.png 300w, http:\/\/www.camara-de-tuberias.es\/blog\/wp-content\/uploads\/2016\/06\/TUBICAM-R-cabezal-de-boroscopio-768x426.png 768w, http:\/\/www.camara-de-tuberias.es\/blog\/wp-content\/uploads\/2016\/06\/TUBICAM-R-cabezal-de-boroscopio-1024x568.png 1024w, http:\/\/www.camara-de-tuberias.es\/blog\/wp-content\/uploads\/2016\/06\/TUBICAM-R-cabezal-de-boroscopio-672x372.png 672w, http:\/\/www.camara-de-tuberias.es\/blog\/wp-content\/uploads\/2016\/06\/TUBICAM-R-cabezal-de-boroscopio.png 1038w\" sizes=\"(max-width: 300px) 100vw, 300px\" \/><\/p>\n<h3>\u00bfQu\u00e9 forma y dimensiones debe tener\u00a0el cabezal?<\/h3>\n<p>El cabezal del boroscopio de una c\u00e1mara inspecci\u00f3n de tuber\u00edas est\u00e1 sometido a un entorno en el que es habitual la presencia de agua, suciedad, polvo, etc.<\/p>\n<p>La forma del cabezal debe evitar que esta suciedad se acumule en la lente e impida poder tener un visionado completo.<\/p>\n<p>Otra caracter\u00edstica es la presencia de cambios de direcci\u00f3n en las tuber\u00edas y codos por tanto debe contar con unas dimensiones y extructura flexible adecuadas para superarlas con facilidad.<\/p>\n<figure id=\"attachment_300\" aria-describedby=\"caption-attachment-300\" style=\"width: 150px\" class=\"wp-caption aligncenter\"><img loading=\"lazy\" class=\"wp-image-300 size-full\" src=\"http:\/\/www.camara-de-tuberias.es\/blog\/wp-content\/uploads\/2016\/05\/iluminacion-led-camara-tuberias-tubicam-xl-360-hd.png\" alt=\"Iluminaci\u00f3n led cabezal c\u00e1mara para tuber\u00edas\" width=\"150\" height=\"100\" \/><figcaption id=\"caption-attachment-300\" class=\"wp-caption-text\">Iluminaci\u00f3n led<\/figcaption><\/figure>\n<h3>\u00bfC\u00f3mo es el cable de empuje?<\/h3>\n<p>El cable de una\u00a0c\u00e1mara inspecci\u00f3n de tuber\u00edas es un elemento de gran importancia, debe estar construido en material resistente para:<\/p>\n<ul>\n<li>Soportar las condiciones del arrastre por las superficies\u00a0de los conductos y tuber\u00edas<\/li>\n<li>Poder empujar la c\u00e1mara sin problemas durante decenas de metros sin que acabe riz\u00e1ndose por su propio peso.<\/li>\n<\/ul>\n<p><img loading=\"lazy\" class=\"aligncenter wp-image-539 size-full\" src=\"http:\/\/www.camara-de-tuberias.es\/blog\/wp-content\/uploads\/2016\/07\/tubicam-xl.jpg\" alt=\"TUBICAM XL\" width=\"1038\" height=\"543\" \/><\/p>\n<h3>\u00bfCual debe ser la longitud de un cable de empuje?<\/h3>\n<p>En AGM-TEC nos basamos en la experiencia de nuestros clientes para desarrollar capaces de aprovechar todas las situaciones posibles de trabajo.<\/p>\n<ul>\n<li>Longitud desde 30 m hasta 40 m para boroscopio de tuber\u00edas comprendidas entre \u00d840 mm y \u00d8200 mm<\/li>\n<li>Longitud desde 60 m hasta 120 m para boroscopio de tuber\u00edas comprendidas entre \u00d8100 mm y \u00d8500 mm<\/li>\n<\/ul>\n<p>En el caso de nuestro boroscopio espec\u00edfico para piscina <a href=\"http:\/\/www.camara-de-tuberias.es\/blog\/piscicam\">PISCICAM<\/a>, la longitud es de 22 metros.<\/p>\n<figure id=\"attachment_664\" aria-describedby=\"caption-attachment-664\" style=\"width: 300px\" class=\"wp-caption aligncenter\"><img loading=\"lazy\" class=\"wp-image-664 size-medium\" src=\"http:\/\/www.camara-de-tuberias.es\/blog\/wp-content\/uploads\/2016\/08\/carrete-gama-tubicam-r-2-300x245.jpg\" alt=\"Carrete 30m \/ 40m TUBICAM R\" width=\"300\" height=\"245\" \/><figcaption id=\"caption-attachment-664\" class=\"wp-caption-text\">Carrete 30m \/ 40m<\/figcaption><\/figure>\n<h3>\u00bfQu\u00e9 caracter\u00edsticas\u00a0b\u00e1sicas que debe tener un boroscopio para inspecci\u00f3n de tuber\u00edas por empuje?<\/h3>\n<p>A continuaci\u00f3n se exponen las caracter\u00edticas que debe tener\u00a0una\u00a0c\u00e1mara inspecci\u00f3n de tuber\u00edas:<\/p>\n<ul>\n<li><strong>Visi\u00f3n de calidad<\/strong>: Imagen clara que permita identificar con detalle lo que ocurre dentro de la tuber\u00eda.<\/li>\n<li><strong>Iluminaci\u00f3n \u00f3ptima<\/strong>: Un sistema de iluminaci\u00f3n que cubra\u00a0toda a la perfecci\u00f3n la zona inspeccionada.<\/li>\n<li><strong>Funci\u00f3n de grabaci\u00f3n<\/strong>: Fundamental para\u00a0volver a revisar\u00a0lo inspeccionado, un informe pericial o presentar testimonio gr\u00e1fico al cliente.<\/li>\n<li><strong>Alcance<\/strong>: Longitud de cable adecuada para realizar la\u00a0inspecci\u00f3n en una sola sesi\u00f3n.<\/li>\n<li><a href=\"http:\/\/www.camara-de-tuberias.es\/blog\/camara-inspeccion-tuberias-resistente\"><strong>Resistencia<\/strong><\/a>: El boroscopio debe poder soportar las condiciones del entorno de trabajo.<\/li>\n<li><strong>Durabilidad<\/strong>: para muchos a\u00f1os de trabajo como el primer d\u00eda.<\/li>\n<li><strong>Autonom\u00eda<\/strong>: El boroscopio debe tener autonom\u00eda suficiente realizar una sesi\u00f3n de trabajo completa.<\/li>\n<li><strong>Ergonom\u00eda<\/strong>: El boroscopio debe ser f\u00e1cil de usar,\u00a0confortable y seguro en su entorno habitual de trabajo.<\/li>\n<li><strong>Protecci\u00f3n<\/strong>: El boroscopio debe contar con protecciones al transporte, impacto,\u00a0presi\u00f3n, humedades e incluso al hurto.<\/li>\n<\/ul>\n<p><img loading=\"lazy\" class=\"aligncenter wp-image-556 size-medium\" src=\"http:\/\/www.camara-de-tuberias.es\/blog\/wp-content\/uploads\/2016\/07\/boroscopio-localizar-problemas-tuberias-conductos-300x166.jpg\" alt=\"Boroscopio para localizar problemas en tuber\u00edas y conductos\" width=\"300\" height=\"166\" srcset=\"http:\/\/www.camara-de-tuberias.es\/blog\/wp-content\/uploads\/2016\/07\/boroscopio-localizar-problemas-tuberias-conductos-300x166.jpg 300w, http:\/\/www.camara-de-tuberias.es\/blog\/wp-content\/uploads\/2016\/07\/boroscopio-localizar-problemas-tuberias-conductos.jpg 672w\" sizes=\"(max-width: 300px) 100vw, 300px\" \/><\/p>\n<h3>\u00bfQu\u00e9 caracter\u00edsticas debe cumplir su proveedor de boroscopio para inspecci\u00f3n de tuber\u00edas por empuje?<\/h3>\n<p>Su proveedor de\u00a0c\u00e1mara inspecci\u00f3n de tuber\u00edas debe poder darle respuesta en los siguientes puentos:<\/p>\n<ul>\n<li><strong>Atenci\u00f3n\u00a0inmediata<\/strong>: Contar con expertos capaces de atender y solucionarle sus problemas en tiempo real.<\/li>\n<li><strong>Servicio t\u00e9cnico urgente<\/strong>: Responder urgente si su boroscopio requiere alguna reparaci\u00f3n.<\/li>\n<li><strong>Stock permanente<\/strong>: Disponer de nuevos accesorios y repuestos para su boroscopio de forma inmediata.<\/li>\n<\/ul>\n<p>Su proveedor debe ser un socio m\u00e1s para que su trabajo no se detenga.<\/p>\n<p><img loading=\"lazy\" class=\"aligncenter wp-image-91 size-medium\" src=\"http:\/\/www.camara-de-tuberias.es\/blog\/wp-content\/uploads\/2016\/03\/descarga-300x127.png\" alt=\"Clientes AGM TEC\" width=\"300\" height=\"127\" srcset=\"http:\/\/www.camara-de-tuberias.es\/blog\/wp-content\/uploads\/2016\/03\/descarga-300x127.png 300w, http:\/\/www.camara-de-tuberias.es\/blog\/wp-content\/uploads\/2016\/03\/descarga-768x324.png 768w, http:\/\/www.camara-de-tuberias.es\/blog\/wp-content\/uploads\/2016\/03\/descarga.png 843w\" sizes=\"(max-width: 300px) 100vw, 300px\" \/><\/p>\n","protected":false},"excerpt":{"rendered":"<p>Conozca en profundidad qu\u00e9 es una\u00a0c\u00e1mara inspecci\u00f3n de tuber\u00edas en el siguiente art\u00edculo \u00bfQu\u00e9 es una c\u00e1mara inspecci\u00f3n de tuber\u00edas por empuje manual? Se trata de un boroscopio espec\u00edfico para tuber\u00edas que se introduce por los conductos\u00a0empuj\u00e1ndolo manualmente. \u00bfQu\u00e9 es un boroscopio? Es un instrumento de inspecci\u00f3n indirecta que utiliza un circuito cerrado de televisi\u00f3n &hellip; <a href=\"http:\/\/www.camara-de-tuberias.es\/blog\/camara-inspeccion-de-tuberias-caracteristcas\" class=\"more-link\">Seguir leyendo <span class=\"screen-reader-text\">C\u00e1mara Inspecci\u00f3n de Tuber\u00edas: Caracter\u00edsticas<\/span> <span class=\"meta-nav\">&rarr;<\/span><\/a><\/p>\n","protected":false},"author":1,"featured_media":382,"parent":0,"menu_order":0,"comment_status":"closed","ping_status":"closed","template":"page-templates\/full-width.php","meta":{"sfsi_plus_gutenberg_text_before_share":"","sfsi_plus_gutenberg_show_text_before_share":"","sfsi_plus_gutenberg_icon_type":"","sfsi_plus_gutenberg_icon_alignemt":"","sfsi_plus_gutenburg_max_per_row":"","_mi_skip_tracking":false},"aioseo_notices":[],"_links":{"self":[{"href":"http:\/\/www.camara-de-tuberias.es\/blog\/wp-json\/wp\/v2\/pages\/376"}],"collection":[{"href":"http:\/\/www.camara-de-tuberias.es\/blog\/wp-json\/wp\/v2\/pages"}],"about":[{"href":"http:\/\/www.camara-de-tuberias.es\/blog\/wp-json\/wp\/v2\/types\/page"}],"author":[{"embeddable":true,"href":"http:\/\/www.camara-de-tuberias.es\/blog\/wp-json\/wp\/v2\/users\/1"}],"replies":[{"embeddable":true,"href":"http:\/\/www.camara-de-tuberias.es\/blog\/wp-json\/wp\/v2\/comments?post=376"}],"version-history":[{"count":10,"href":"http:\/\/www.camara-de-tuberias.es\/blog\/wp-json\/wp\/v2\/pages\/376\/revisions"}],"predecessor-version":[{"id":906,"href":"http:\/\/www.camara-de-tuberias.es\/blog\/wp-json\/wp\/v2\/pages\/376\/revisions\/906"}],"wp:featuredmedia":[{"embeddable":true,"href":"http:\/\/www.camara-de-tuberias.es\/blog\/wp-json\/wp\/v2\/media\/382"}],"wp:attachment":[{"href":"http:\/\/www.camara-de-tuberias.es\/blog\/wp-json\/wp\/v2\/media?parent=376"}],"curies":[{"name":"wp","href":"https:\/\/api.w.org\/{rel}","templated":true}]}}